. What is the highest common divisor of v and w?
42
Let g be (24/6 - -1) + 2*1. Suppose 267 = 3*a + v, -g = v - 4. What is the greatest common divisor of a and 10?
10
Let r = -3169 - -5275. What is the greatest common factor of 312 and r?
78
Suppose 216 = m - 3*s, 5*s = -m - 1401 + 1633. What is the highest common divisor of 4514 and m?
74
Suppose 0*d = 3*d - 84. Let z(u) = u**3 + 12*u**2 + 22*u - 10. Let w = -1330 + 1322. Let q be z(w). What is the greatest common factor of d and q?
14
Suppose -5*o - 38 = 5*n - 188, -2*n - 132 = -6*o. What is the greatest common divisor of o and 19248?
24
Let j be 30/(-40)*-8 + 26. What is the highest common divisor of j and 16?
16
Suppose -884*f - 2700 = -959*f. Let h(n) = 2*n**2 + n - 4. Let a be h(-4). What is the highest common factor of f and a?
12
Let o = 688 + -680. Suppose 12*j - o*j = -f + 115, 3*f = -5*j + 310. What is the greatest common divisor of f and 171?
19
Let t(k) = k**3 - 7*k**2 + 6*k + 24. Let o be (-2 - -6) + 52/26. Let m be t(o). Calculate the greatest common divisor of m and 132.
12
Let b = -26 - -24. Let t be 29 + b/((-6)/(-15)). Let x be ((-18)/(-4))/((-9)/(-12)). What is the highest common divisor of t and x?
6
Let q be -1 + 3 + (-2)/(-1). Let y be (-12 - q)*(-1)/(-2). Let r be 27 - ((-2)/y - 6/(-8)). Calculate the greatest common divisor of r and 182.
26
Suppose -9*s - 211 = 230. Let j be ((-20)/14)/(301/s + 6). Calculate the highest common divisor of 230 and j.
10
Let b be 411 + 4/(-2*1/(-2)). What is the highest common factor of 1162 and b?
83
Let o be 70/15*(-24)/(-28). Suppose 0 = -v + o*v - 12. Suppose -n + 8 = 3*n, 0 = -r + v*n - 2. Calculate the greatest common divisor of r and 6.
6
Let q be ((-132)/(-8))/(7/84). What is the greatest common factor of 162 and q?
18
Let u be 21 + -1 + 1 + -1. Let j = 262 + -214. Suppose -f = -98 + j. Calculate the greatest common divisor of u and f.
10
Suppose 2*f = 707 + 1307. Calculate the greatest common factor of 106 and f.
53
Let s(x) = x**3 + 24*x**2 - 37*x - 38. Let d be s(-25). Suppose -15*q + 3*y - 503 = -17*q, 2*y + d = q. Calculate the greatest common factor of q and 24.
8
Suppose -17*f + 48819 - 18474 = 0. Calculate the highest common factor of 119 and f.
119
Let q(m) = -m**3 - 71*m**2 - 609*m + 133. Let b be q(-61). Calculate the greatest common factor of b and 184.
8
Suppose -3*a + 0 + 9 = 0. Suppose a*u + 20 + 5 = 5*h, 5*h - 2*u = 20. Let v be (-48)/(-27)*387/86. What is the highest common divisor of h and v?
2
Let g be -2 - 9/(-3) - -2. Suppose -u = -g - 6. Suppose -2*a = -6*a + 36. Calculate the greatest common factor of a and u.
9
Suppose 0 = -2*h + 59 - 65. Let l be (-18)/27*(-30 + 3) - h. What is the highest common factor of 609 and l?
21
Let h(a) = -6*a**2 - 112*a + 64. Let s be h(-12). Calculate the highest common divisor of s and 4.
4
Suppose 0 = -9*c - 4*c + 9230. Let b = c + -385. Calculate the greatest common divisor of b and 260.
65
Let j = 5204 - 5084. What is the greatest common divisor of j and 510?
30
Suppose 301*k - 241*k - 4620 = 0. Suppose 33 = 3*y - 9. What is the greatest common divisor of y and k?
7
Suppose 44 = -101*q + 103*q. Suppose -2*h - 42 + 14 = 0. Let t = 8 - h. Calculate the highest common factor of t and q.
22
Suppose -3*y - 2625 - 2495 = -4*v, -v - 3*y + 1280 = 0. What is the greatest common factor of v and 20?
20
Let d(m) = 3*m**2 + 87*m - 32. Let p be d(-29). Let s be p/(-160) - (-1977)/15. What is the greatest common divisor of s and 77?
11
Suppose -4*r + 2538 - 2378 = 0. Calculate the highest common factor of 170 and r.
10
Suppose -2*v = 5*m - 97, v - 23 - 78 = -5*m. Let j = m - 7. Let h be 71/2 - (-1)/(-2). Calculate the greatest common factor of j and h.
7
Suppose 4*g + 103 = -3*j + 2, 5*g - 29 = 2*j. Let p be (-2*(-8)/(-3))/(6/j). What is the greatest common divisor of p and 136?
8
Let b = 2809 - 2767. Calculate the highest common factor of 19446 and b.
42
Suppose t + 63 = 5*x, 3*x = 2*x + 3*t + 21. Let b(y) = -5*y - 21. Let s be b(7). Let g be -3*(2 - s/(-12)). What is the greatest common factor of g and x?
4
Let c = 46 + -36. Let a = 33 - -77. What is the highest common divisor of c and a?
10
Let v(f) = 2*f**2 + 13*f + 16. Let l be v(-4). Let t be 122/l*-4 - 14/7. Let o be (-504)/(-12) + 3 + 3. Calculate the greatest common divisor of o and t.
24
Let m(k) = -k**2 - 32*k + 73. Let l be m(-34). Suppose -2*i + 159 = 5*w, l*i + 83 = 4*w - w. What is the highest common factor of 496 and w?
31
Let z be (-5 - (-51)/6)*(-40)/(-14). Let b be 1/(-5) - (1 - (-124)/(-20)). Calculate the greatest common divisor of z and b.
5
Let y be (264/121)/12 + (2504/22)/1. What is the greatest common factor of 1273 and y?
19
Suppose 5*r - 91 = -71. Suppose r*h = 3*q + 35, -3*h + 4*q = 5*q - 23. Calculate the greatest common divisor of h and 6.
2
Suppose -4*k - 4*t = -9*k + 15, 0 = k + 2*t + 11. Let a(s) = 3*s + 11. Let o be a(k). Calculate the highest common factor of 28 and o.
4
Let y = -21 + 23. Let r(g) = 6*g - 6. Let c be r(y). Suppose -2*l - 45 = -105. Calculate the highest common factor of l and c.
6
Let u(a) = -a + 3. Let g(l) = 2*l - 6. Let q(b) = 4*g(b) + 7*u(b). Let d be q(20). Let c be -34*(2/8 - 209/44). Calculate the greatest common factor of c and d.
17
Let p(n) = n. Let b(l) = -36*l - 137. Let z(h) = b(h) - 5*p(h). Let y be z(-13). Calculate the greatest common factor of y and 44.
44
Suppose 0 = -0*d - 2*d + 34. Suppose 54*h - 71*h = -85. Suppose 112*v - 9 = -h*x + 113*v, -v = -2*x + 6. Calculate the highest common factor of x and d.
1
Let m be ((-139)/4 - -1)*(-56)/21. Let x(t) = t + 22. Let b be x(-12). Calculate the greatest common factor of m and b.
10
Let y = -22 - -58. Let s be ((-168)/(-36))/(1/27). Calculate the greatest common factor of s and y.
18
Let j = -400 - -405. Suppose 0 = 5*c - q - 4181, j*c - 4179 = -19*q + 18*q. Calculate the greatest common divisor of c and 44.
44
Suppose 2*t + 16 - 10 = 0. Let z be -20*2/(4 + t + -9). Suppose p - 4*p - 4*f + 270 = 0, -z*f = 2*p - 180. Calculate the greatest common factor of 10 and p.
10
Suppose 19*o - 91 = 61. Suppose 2*p = -4*h + 496, -7*p - 240 = -o*p - 4*h. What is the highest common factor of p and 48?
16
Let m = -202 - -207. Suppose -3*o - 2*v - 7 = 9, 2*o - 2*v = -14. Let l be (5 + 21/o)*(1 + 49). Calculate the greatest common divisor of m and l.
5
Let a = 7 - 1. Suppose 3*g = 5*h + a + 3, -h + 43 = 5*g. Suppose -2*o + o = -k - 92, 3*o - 2*k = 272. What is the greatest common factor of o and g?
8
Let f(b) = b**2 + 5 + b + 3*b**2 - 3*b**2 - 6. Suppose -2*j = -4*s + 3*s - 12, 8 = -s + j. Let d be f(s). Calculate the greatest common divisor of 22 and d.
11
Let x(w) = 2*w**2 - 18*w + 58. Let b be x(5). Suppose -b*t = 4*d - 17*t - 363, t + 267 = 3*d. What is the highest common divisor of d and 60?
30
Let j be (120/7)/(14/98). Let l(u) = -2*u**3 - 50*u**2 - 56*u - 87. Let v be l(-24). Calculate the greatest common divisor of j and v.
15
Suppose -79 = -13*r - 14. Suppose 0*x + 7 = 4*x + h, -x - r*h - 22 = 0. Suppose b - x*b + 36 = 0. Calculate the greatest common divisor of b and 6.
6
Suppose 4*y - 344 = 3*c + 777, 0 = -y - 3*c + 254. Calculate the highest common factor of y and 5555.
55
Let f = 7735 + -7351. What is the highest common divisor of f and 54?
6
Suppose -2*u + 3*v + 2 = 0, 0 = v - 2. Suppose 0 = 3*x + m - 3 - 5, -3*m - 28 = -u*x. Calculate the greatest common factor of 40 and x.
4
Let q = -145 - -149. Suppose 0 = -q*u - 11*u + 2145. Suppose r - u = -118. Calculate the greatest common divisor of 200 and r.
25
Suppose h - 5*n = 1687 - 420, -2*h - n = -2479. What is the greatest common divisor of 54 and h?
54
Suppose 75728 = 49*c - 34473. What is the highest common divisor of 1730 and c?
173
Let t(q) be the second derivative of 11*q**3/6 + 3*q**2/2 - 8*q. Let a be t(-3). Let z be (-2892)/a - 6/15. Calculate the greatest common factor of 12 and z.
12
Let c be (9/(405/(-144)))/((-2)/40). Suppose 0 = -3*n + 32 + c. Calculate the highest common factor of n and 64.
32
Let c(q) = 6*q**2 - 1. Let t be c(1). Suppose 4*m - t*m = 15. Let f be (3/4 - 31/20)*m. What is the greatest common divisor of 12 and f?
12
Let t(q) = q**3 - 27*q**2 + 3*q - 24. Let d be (-18)/(-42) + (-186)/(-7). Let y be t(d). Calculate the highest common factor of 3 a